{"id":1187,"date":"2019-02-28T10:18:54","date_gmt":"2019-02-28T09:18:54","guid":{"rendered":"http:\/\/kreativclub-kiel.de\/?page_id=1187"},"modified":"2019-11-15T23:05:30","modified_gmt":"2019-11-15T22:05:30","slug":"veranstaltungen-2019","status":"publish","type":"page","link":"https:\/\/kreativclub-kiel.de\/?page_id=1187","title":{"rendered":"Veranstaltungen 2019"},"content":{"rendered":"\n<h2 class=\"wp-block-heading\">Kieler Umschlag<\/h2>\n\n\n\n<p>Vom 28.2.2019- 3.3.2019 findet in diesem Jahr der Kieler Umschlag statt. Wir sind diesmal mit dabei. Am Samstag und Sonntag m\u00f6chten wir mit euch\/ihnen, im Handwerkerzelt, Schl\u00fcsselanh\u00e4nger n\u00e4hen. Zur Zeit von Asmus Bremer gab es noch keine N\u00e4hmaschine. Aus diesem Grund n\u00e4hen wir mit der Hand.<br> Wir freuen uns auf viele kleine und gro\u00dfe Besucher.<\/p>\n\n\n\n<ul class=\"wp-block-gallery columns-2 is-cropped wp-block-gallery-1 is-layout-flex wp-block-gallery-is-layout-flex\"><li class=\"blocks-gallery-item\"><figure><img decoding=\"async\" src=\"https:\/\/kreativclub-kiel.de\/wp-content\/uploads\/2019\/03\/IMG-20190210-WA0001-2-768x1024.jpg\" alt=\"\" data-id=\"1252\" data-link=\"https:\/\/kreativclub-kiel.de\/?attachment_id=1252#main\" class=\"wp-image-1252\"\/><\/figure><\/li><li class=\"blocks-gallery-item\"><figure><img decoding=\"async\" src=\"https:\/\/kreativclub-kiel.de\/wp-content\/uploads\/2019\/03\/IMG_20190129_092249-4-1024x768.jpg\" alt=\"\" data-id=\"1254\" data-link=\"https:\/\/kreativclub-kiel.de\/?attachment_id=1254#main\" class=\"wp-image-1254\"\/><\/figure><\/li><\/ul>\n\n\n\n<h2 class=\"wp-block-heading\">Osterbasteln bei famila<\/h2>\n\n\n\n<p>Liebe Kinder,<\/p>\n\n\n\n<p>am 30. M\u00e4rz wollen wir dieses Jahr mit euch Osterk\u00f6rbchen und andere<\/p>\n\n\n\n<p>\u00f6sterliche Dinge bei famila Kiel-Mettenhof basteln.<\/p>\n\n\n\n<p>Auch in diesem Jahr hat der Osterhase wieder viele leckere S\u00fc\u00dfigkeiten<\/p>\n\n\n\n<p>vorbei gebracht.<\/p>\n\n\n\n<p>Wir freuen uns auf euch.<\/p>\n\n\n\n<p><\/p>\n\n\n\n<h2 class=\"wp-block-heading\"><strong>Heimkunstmarkt Hof Akkerboom<\/strong><\/h2>\n\n\n\n<p>Am 31. M\u00e4rz 2019 finden sie uns auf dem Heimkunstmarkt auf Hof Akkerboom.<\/p>\n\n\n\n<p><\/p>\n\n\n\n<h2 class=\"wp-block-heading\"><strong>Sommerfest bei famila<\/strong><\/h2>\n\n\n\n<p>Am 22. Juni 2019 feiern wir unser 25 j\u00e4hriges Jubil\u00e4um zusammen mit Famila ( 45 Jahre) und der M\u00e4dchengruppe des Jugendb\u00fcros (20 Jahre) mit einem Sommerfest auf dem Parkplatz bei famila. <\/p>\n\n\n\n<h2 class=\"wp-block-heading\"><strong>Nacht der VHS<\/strong><\/h2>\n\n\n\n<p>Die VHS Melsdorf feiert 100 Jahre Volkshochschule am 20. September im B\u00fcrgerhaus Melsdorf. Wir sind dabei.<\/p>\n\n\n\n<p><\/p>\n\n\n\n<h2 class=\"wp-block-heading\"><strong>Mettenhof Apotheke<\/strong><\/h2>\n\n\n\n<p>Vom 1. Oktober 2019 bis zum 25.Oktober 2019 haben wir wieder das Fenster der Mettenhof Apotheke.<\/p>\n\n\n\n<p><\/p>\n\n\n\n<h2 class=\"wp-block-heading\">Hof Akkerboom<\/h2>\n\n\n\n<p>Am 20. Oktober 2019 haben  wir einen Stand auf Hof Akkerboom.<\/p>\n\n\n\n<p><\/p>\n\n\n\n<h2 class=\"wp-block-heading\"><strong>Mettenhofer Kulturtage<\/strong><\/h2>\n\n\n\n<p>Alle Kinder in der Welt spielen Spiele. Wer nicht nur gerne spielt, sondern genauso viel Freude am basteln hat, ist am Samstag, den <a href=\"https:\/\/l.facebook.com\/l.php?u=https%3A%2F%2Fderef-web-02.de%2Fmail%2Fclient%2FF_auP3dDGEc%2Fdereferrer%2F%3FredirectUrl%3Dhttp%253A%252F%252F26.Oktober%26fbclid%3DIwAR21-0-Vv0v3RDrzgRllFba54LjQ_eXIOsRHVKX1VmnDYqdodBkfgCsVshw&amp;h=AT28X8VNthQxoXVfZ9ZZ3n-AQYleBDMnkF-_TFCDcUhhimt1UK26-ICllrLmX8YcX46GlfRoQUWOnNnqwCLyfXxznVQWUEtYSi17imJaFNj9GwmVH8kcwKRoc6pb2z_ygnCpqIQX7C1khMSFWw9U0A\" target=\"_blank\" rel=\"noreferrer noopener\">26.Oktober<\/a>.2019 beim Kreativclub genau richtig. Im Rahmen der Mettenhofer Kulturtage wollen wir mit euch ab 15 Uhr Tischkicker, Memory, B\u00e4rchen \u00e4rgere dich nicht, Spitz pass auf und anderes mehr basteln. Wir basteln die Spiele z.T. aus Upcyclingmaterial. Wir freuen uns auf euch im Seminarraum des Birgitta-Thomas-Hauses, Skandinaviendamn 350<\/p>\n\n\n\n<p><\/p>\n\n\n\n<h2 class=\"wp-block-heading\"><strong>Mettenhofer Lichterzauber<\/strong><\/h2>\n\n\n\n<p>Am 9. November 2019 findet wieder der Lichterzauber statt. Wir sind dabei und wollen mit euch Gl\u00fcckslichter, Zuckerlichter, Tanzlichter und Lichterb\u00e4umchen basteln.<\/p>\n\n\n\n<p><\/p>\n\n\n\n<p><\/p>\n\n\n\n<p><\/p>\n","protected":false},"excerpt":{"rendered":"<p>Kieler Umschlag Vom 28.2.2019- 3.3.2019 findet in diesem Jahr der Kieler Umschlag statt. Wir sind diesmal mit dabei. Am Samstag und Sonntag m\u00f6chten wir mit euch\/ihnen, im Handwerkerzelt, Schl\u00fcsselanh\u00e4nger n\u00e4hen. Zur Zeit von Asmus Bremer gab es noch keine N\u00e4hmaschine. &hellip; <a href=\"https:\/\/kreativclub-kiel.de\/?page_id=1187\">Weiterlesen <span class=\"meta-nav\">&rarr;<\/span><\/a><\/p>\n","protected":false},"author":3,"featured_media":0,"parent":149,"menu_order":0,"comment_status":"closed","ping_status":"closed","template":"","meta":{"footnotes":""},"class_list":["post-1187","page","type-page","status-publish","hentry"],"_links":{"self":[{"href":"https:\/\/kreativclub-kiel.de\/index.php?rest_route=\/wp\/v2\/pages\/1187","targetHints":{"allow":["GET"]}}],"collection":[{"href":"https:\/\/kreativclub-kiel.de\/index.php?rest_route=\/wp\/v2\/pages"}],"about":[{"href":"https:\/\/kreativclub-kiel.de\/index.php?rest_route=\/wp\/v2\/types\/page"}],"author":[{"embeddable":true,"href":"https:\/\/kreativclub-kiel.de\/index.php?rest_route=\/wp\/v2\/users\/3"}],"replies":[{"embeddable":true,"href":"https:\/\/kreativclub-kiel.de\/index.php?rest_route=%2Fwp%2Fv2%2Fcomments&post=1187"}],"version-history":[{"count":7,"href":"https:\/\/kreativclub-kiel.de\/index.php?rest_route=\/wp\/v2\/pages\/1187\/revisions"}],"predecessor-version":[{"id":1292,"href":"https:\/\/kreativclub-kiel.de\/index.php?rest_route=\/wp\/v2\/pages\/1187\/revisions\/1292"}],"up":[{"embeddable":true,"href":"https:\/\/kreativclub-kiel.de\/index.php?rest_route=\/wp\/v2\/pages\/149"}],"wp:attachment":[{"href":"https:\/\/kreativclub-kiel.de\/index.php?rest_route=%2Fwp%2Fv2%2Fmedia&parent=1187"}],"curies":[{"name":"wp","href":"https:\/\/api.w.org\/{rel}","templated":true}]}}

<h2 class="wp-block-heading">Kieler Umschlag</h2>



<p>Vom 28.2.2019- 3.3.2019 findet in diesem Jahr der Kieler Umschlag statt. Wir sind diesmal mit dabei. Am Samstag und Sonntag möchten wir mit euch/ihnen, im Handwerkerzelt, Schlüsselanhänger nähen. Zur Zeit von Asmus Bremer gab es noch keine Nähmaschine. Aus diesem Grund nähen wir mit der Hand.<br> Wir freuen uns auf viele kleine und große Besucher.</p>



<ul class="wp-block-gallery columns-2 is-cropped wp-block-gallery-1 is-layout-flex wp-block-gallery-is-layout-flex"><li class="blocks-gallery-item"><figure><img decoding="async" src="https://kreativclub-kiel.de/wp-content/uploads/2019/03/IMG-20190210-WA0001-2-768x1024.jpg" alt="" data-id="1252" data-link="https://kreativclub-kiel.de/?attachment_id=1252#main" class="wp-image-1252"/></figure></li><li class="blocks-gallery-item"><figure><img decoding="async" src="https://kreativclub-kiel.de/wp-content/uploads/2019/03/IMG_20190129_092249-4-1024x768.jpg" alt="" data-id="1254" data-link="https://kreativclub-kiel.de/?attachment_id=1254#main" class="wp-image-1254"/></figure></li></ul>



<h2 class="wp-block-heading">Osterbasteln bei famila</h2>



<p>Liebe Kinder,</p>



<p>am 30. März wollen wir dieses Jahr mit euch Osterkörbchen und andere</p>



<p>österliche Dinge bei famila Kiel-Mettenhof basteln.</p>



<p>Auch in diesem Jahr hat der Osterhase wieder viele leckere Süßigkeiten</p>



<p>vorbei gebracht.</p>



<p>Wir freuen uns auf euch.</p>



<p></p>



<h2 class="wp-block-heading"><strong>Heimkunstmarkt Hof Akkerboom</strong></h2>



<p>Am 31. März 2019 finden sie uns auf dem Heimkunstmarkt auf Hof Akkerboom.</p>



<p></p>



<h2 class="wp-block-heading"><strong>Sommerfest bei famila</strong></h2>



<p>Am 22. Juni 2019 feiern wir unser 25 jähriges Jubiläum zusammen mit Famila ( 45 Jahre) und der Mädchengruppe des Jugendbüros (20 Jahre) mit einem Sommerfest auf dem Parkplatz bei famila. </p>



<h2 class="wp-block-heading"><strong>Nacht der VHS</strong></h2>



<p>Die VHS Melsdorf feiert 100 Jahre Volkshochschule am 20. September im Bürgerhaus Melsdorf. Wir sind dabei.</p>



<p></p>



<h2 class="wp-block-heading"><strong>Mettenhof Apotheke</strong></h2>



<p>Vom 1. Oktober 2019 bis zum 25.Oktober 2019 haben wir wieder das Fenster der Mettenhof Apotheke.</p>



<p></p>



<h2 class="wp-block-heading">Hof Akkerboom</h2>



<p>Am 20. Oktober 2019 haben  wir einen Stand auf Hof Akkerboom.</p>



<p></p>



<h2 class="wp-block-heading"><strong>Mettenhofer Kulturtage</strong></h2>



<p>Alle Kinder in der Welt spielen Spiele. Wer nicht nur gerne spielt, sondern genauso viel Freude am basteln hat, ist am Samstag, den <a href="https://l.facebook.com/l.php?u=https%3A%2F%2Fderef-web-02.de%2Fmail%2Fclient%2FF_auP3dDGEc%2Fdereferrer%2F%3FredirectUrl%3Dhttp%253A%252F%252F26.Oktober%26fbclid%3DIwAR21-0-Vv0v3RDrzgRllFba54LjQ_eXIOsRHVKX1VmnDYqdodBkfgCsVshw&amp;h=AT28X8VNthQxoXVfZ9ZZ3n-AQYleBDMnkF-_TFCDcUhhimt1UK26-ICllrLmX8YcX46GlfRoQUWOnNnqwCLyfXxznVQWUEtYSi17imJaFNj9GwmVH8kcwKRoc6pb2z_ygnCpqIQX7C1khMSFWw9U0A" target="_blank" rel="noreferrer noopener">26.Oktober</a>.2019 beim Kreativclub genau richtig. Im Rahmen der Mettenhofer Kulturtage wollen wir mit euch ab 15 Uhr Tischkicker, Memory, Bärchen ärgere dich nicht, Spitz pass auf und anderes mehr basteln. Wir basteln die Spiele z.T. aus Upcyclingmaterial. Wir freuen uns auf euch im Seminarraum des Birgitta-Thomas-Hauses, Skandinaviendamn 350</p>



<p></p>



<h2 class="wp-block-heading"><strong>Mettenhofer Lichterzauber</strong></h2>



<p>Am 9. November 2019 findet wieder der Lichterzauber statt. Wir sind dabei und wollen mit euch Glückslichter, Zuckerlichter, Tanzlichter und Lichterbäumchen basteln.</p>



<p></p>



<p></p>



<p></p>

<p>Kieler Umschlag Vom 28.2.2019- 3.3.2019 findet in diesem Jahr der Kieler Umschlag statt. Wir sind diesmal mit dabei. Am Samstag und Sonntag möchten wir mit euch/ihnen, im Handwerkerzelt, Schlüsselanhänger nähen. Zur Zeit von Asmus Bremer gab es noch keine Nähmaschine. &hellip; <a href="https://kreativclub-kiel.de/?page_id=1187">Weiterlesen <span class="meta-nav">&rarr;</span></a></p>
